{"id":5344,"date":"2024-12-19T10:50:56","date_gmt":"2024-12-19T09:50:56","guid":{"rendered":"https:\/\/www.podologie-raeke.at\/shop\/?post_type=product&#038;p=5344"},"modified":"2024-12-19T11:05:58","modified_gmt":"2024-12-19T10:05:58","slug":"blifestyle-kodiak-bioleder-waldmeistergruen","status":"publish","type":"product","link":"https:\/\/www.podologie-raeke.at\/shop\/produkt\/blifestyle-kodiak-bioleder-waldmeistergruen\/","title":{"rendered":"BLifestyle &#8211; KODIAK- Bioleder &#8211; waldmeistergr\u00fcn"},"content":{"rendered":"<div class=\"product-detail-description-text\">\n<p>Flexibel und dennoch robust \u2013 so ist auch das Modell kodiakSTYLE. Weiches, organisches und pflanzlich gegerbtes Bio-Veloursleder au\u00dfen und Wollvlies als Innenfutter \u2013 alle Materialien sind f\u00fcr einen weichen Tragekomfort eingesetzt und sind so ausgew\u00e4hlt, dass der Schuh m\u00f6glichst nachhaltig produziert werden kann. Das Modell ist zudem extra f\u00fcr einfaches An- und Ausziehen konstruiert: neben der regulierbaren Schn\u00fcrung, befindet sich noch der Rei\u00dfverschluss an der Seite. Der klassische Stil wird mit sch\u00f6nen farbigen Akzenten kombiniert und somit wird der kodiakSTYLE zum absoluten Hingucker.<\/p>\n<p><u><strong>Details:<\/strong><\/u><\/p>\n<p>Obermaterial: Bioleder \/ Velours<br \/>\nKragen: Textil Baumwolle<br \/>\nFutter: Wolle (Wollvlies)<br \/>\nGeschlecht: Junge<br \/>\nVerschluss: Rei\u00dfverschluss und Schn\u00fcrer<br \/>\nSohle: Gummi (60% synth.\/40% organic) in Farbe orange<br \/>\nHerkunft\/Produktion: Portugal<\/p>\n<p><strong style=\"font-size: 14.4px;\">Herstellerhinweise:<\/strong><\/p>\n<\/div>\n<div class=\"product-detail-properties\">\n<div class=\"row product-detail-properties-container\">\n<p>Bioleder kann gewissen Merkmale wie Insektenstiche, Kratzer oder leichte Farbunterschiede aufweisen, welche aber zum einmaligen und nat\u00fcrlichen Charakter geh\u00f6ren. Jeder einzelne Schuh ist ein handgefertigtes Unikat, welcher die Handschrift des\/der Mitarbeiter*in tr\u00e4gt. Socken k\u00f6nnen sich bei starkem Schwitzen verf\u00e4rben.<br \/>\nBitte wasche deinen Schuh nicht in der Waschmaschine und s\u00e4ubere ihn nur mit einem geeigneten Reinigungsmittel. Wir empfehlen die Innensohle regelm\u00e4\u00dfig zum L\u00fcften aus dem Schuh zu nehmen und Staun\u00e4sse somit zu vermeiden. F\u00fcr optimale Produkteigenschaften sollten unsere Schuhe vor dem Einsatz impr\u00e4gniert werden.<\/p>\n<p>&nbsp;<\/p>\n<\/div>\n<\/div>","protected":false},"excerpt":{"rendered":"<p>Flexibel und dennoch robust \u2013 so ist auch das Modell kodiakSTYLE. Weiches, organisches und pflanzlich gegerbtes Bio-Veloursleder au\u00dfen und Wollvlies als Innenfutter \u2013 alle Materialien sind f\u00fcr einen weichen Tragekomfort eingesetzt und sind so ausgew\u00e4hlt, dass der Schuh m\u00f6glichst nachhaltig produziert werden kann. Das Modell ist zudem extra f\u00fcr einfaches An- und Ausziehen konstruiert: neben der regulierbaren Schn\u00fcrung, befindet sich noch der Rei\u00dfverschluss an der Seite. Der klassische Stil wird mit sch\u00f6nen farbigen Akzenten kombiniert und somit wird der kodiakSTYLE zum absoluten Hingucker.<\/p>\n","protected":false},"featured_media":5350,"comment_status":"open","ping_status":"closed","template":"","meta":[],"product_cat":[397,404],"product_tag":[425,359,401,405,416,402,77,360,479],"_links":{"self":[{"href":"https:\/\/www.podologie-raeke.at\/shop\/wp-json\/wp\/v2\/product\/5344"}],"collection":[{"href":"https:\/\/www.podologie-raeke.at\/shop\/wp-json\/wp\/v2\/product"}],"about":[{"href":"https:\/\/www.podologie-raeke.at\/shop\/wp-json\/wp\/v2\/types\/product"}],"replies":[{"embeddable":true,"href":"https:\/\/www.podologie-raeke.at\/shop\/wp-json\/wp\/v2\/comments?post=5344"}],"wp:featuredmedia":[{"embeddable":true,"href":"https:\/\/www.podologie-raeke.at\/shop\/wp-json\/wp\/v2\/media\/5350"}],"wp:attachment":[{"href":"https:\/\/www.podologie-raeke.at\/shop\/wp-json\/wp\/v2\/media?parent=5344"}],"wp:term":[{"taxonomy":"product_cat","embeddable":true,"href":"https:\/\/www.podologie-raeke.at\/shop\/wp-json\/wp\/v2\/product_cat?post=5344"},{"taxonomy":"product_tag","embeddable":true,"href":"https:\/\/www.podologie-raeke.at\/shop\/wp-json\/wp\/v2\/product_tag?post=5344"}],"curies":[{"name":"wp","href":"https:\/\/api.w.org\/{rel}","templated":true}]}}