{"id":5285,"date":"2023-09-12T12:07:43","date_gmt":"2023-09-12T10:07:43","guid":{"rendered":"https:\/\/www.podologie-raeke.at\/shop\/?post_type=product&#038;p=5285"},"modified":"2024-08-20T15:07:37","modified_gmt":"2024-08-20T13:07:37","slug":"laessig-sommer-baden-sandale-rostbraun","status":"publish","type":"product","link":"https:\/\/www.podologie-raeke.at\/shop\/produkt\/laessig-sommer-baden-sandale-rostbraun\/","title":{"rendered":"L\u00c4SSIG &#8211; Sommer &#8211; Baden &#8211; Sandale &#8211; Rostbraun"},"content":{"rendered":"<header>\n<header>Die L\u00c4SSIG Kinder Badeschuhe in der Farbe Rostrot sind mega im Trend und besonders leicht, atmungsaktiv und schnell trocknend. Da die Schuhe super flexibel sind, passen sie sich an die F\u00fc\u00dfe deines Kindes an und k\u00f6nnen auch abseits von Strand und Wasser als Sandale getragen werden. Die biegsame Antirutsch-Sohle der Badesandalen sorgt f\u00fcr die notwendige Standfestigkeit und sch\u00fctzt gleichzeitig vor Insektenstichen, hei\u00dfem Sand oder Steinchen.<\/header>\n<header><\/header>\n<header><\/header>\n<header><\/header>\n<header><strong>Besonderheiten:<br \/>\n<\/strong><\/p>\n<ul>\n<li>praktische Klettverschl\u00fcsse<\/li>\n<li>weiche, biegsame Antirutsch-Sohle<\/li>\n<li>leicht<\/li>\n<li>atmungsaktiv<\/li>\n<li>schnell trocknend<\/li>\n<li>herausnehmbare Innensohle<\/li>\n<\/ul>\n<\/header>\n<\/header>\n<header><strong style=\"font-size: 14.4px;\">Material:<\/strong><\/header>\n<header>\n<header style=\"font-size: 14.4px;\">&#8211; Obermaterial: Textil &#8211; 100 % Polyester<br \/>\n&#8211; Laufsohle: 100 % TPR<\/header>\n<header><\/header>\n<\/header>\n<header>Richtiges Schuhwerk am Strand oder auf der Wiese im Freibad ist ein Muss f\u00fcr kleine Entdecker.Um die empfindlichen Fu\u00dfsohlen vor Insektenstichen, Muscheln oder hei\u00dfem Sand zu sch\u00fctzen, bietet L\u00c4SSIG bequeme Kinder Badeschuhe aus atmungsaktivem, schnell trocknendem und elastischem Obermaterial an. Somit ist eine hervorragende Passform garantiert.\u00a0Die Kinder Badeschuhe sind besonders leicht und dank einem Klettverschluss einfach an- und auszuziehen.\u00a0Die biegsame Antirutsch-Sohle sorgt f\u00fcr die notwendige Standfestigkeit auf den Entdeckungstouren der Kleinen und die herausnehmbare Innensohle f\u00fcr die Auswahl der passenden Gr\u00f6\u00dfe.Die L\u00c4SSIG Produktlinie\u00a0<span style=\"font-size: 14.4px;\">legt<\/span><span style=\"font-size: 14.4px;\">, wie alle L\u00c4SSIG Produkte,\u00a0<\/span><span style=\"font-size: 14.4px;\">gro\u00dfen Wert<\/span><span style=\"font-size: 14.4px;\"> auf die Verwendung von schadstoffgepr\u00fcften Materialien, exzellentes Design und hochwertige Qualit\u00e4t.<\/span><\/header>","protected":false},"excerpt":{"rendered":"<p>Die L\u00c4SSIG Kinder Badeschuhe in der Farbe Rostrot sind mega im Trend und besonders leicht, atmungsaktiv und schnell trocknend. Da die Schuhe super flexibel sind, passen sie sich an die F\u00fc\u00dfe deines Kindes an und k\u00f6nnen auch abseits von Strand und Wasser als Sandale getragen werden. Die biegsame Antirutsch-Sohle der Badesandalen sorgt f\u00fcr die notwendige Standfestigkeit und sch\u00fctzt gleichzeitig vor Insektenstichen, hei\u00dfem Sand oder Steinchen.<\/p>\n<header>\n<header><strong>Besonderheiten:<br \/>\n<\/strong><\/p>\n<ul>\n<li>praktische Klettverschl\u00fcsse<\/li>\n<li>weiche, biegsame Antirutsch-Sohle<\/li>\n<li>leicht<\/li>\n<li>atmungsaktiv<\/li>\n<li>schnell trocknend<\/li>\n<li>herausnehmbare Innensohle<\/li>\n<\/ul>\n<\/header>\n<\/header>\n<header><strong style=\"font-size: 14.4px;\">Material:<\/strong><\/header>\n<header>\n<header style=\"font-size: 14.4px;\">&#8211; Obermaterial: Textil &#8211; 100 % Polyester<br \/>\n&#8211; Laufsohle: 100 % TPR<\/header>\n<\/header>\n","protected":false},"featured_media":5292,"comment_status":"open","ping_status":"closed","template":"","meta":[],"product_cat":[513,512,324],"product_tag":[405,402,330,384],"_links":{"self":[{"href":"https:\/\/www.podologie-raeke.at\/shop\/wp-json\/wp\/v2\/product\/5285"}],"collection":[{"href":"https:\/\/www.podologie-raeke.at\/shop\/wp-json\/wp\/v2\/product"}],"about":[{"href":"https:\/\/www.podologie-raeke.at\/shop\/wp-json\/wp\/v2\/types\/product"}],"replies":[{"embeddable":true,"href":"https:\/\/www.podologie-raeke.at\/shop\/wp-json\/wp\/v2\/comments?post=5285"}],"wp:featuredmedia":[{"embeddable":true,"href":"https:\/\/www.podologie-raeke.at\/shop\/wp-json\/wp\/v2\/media\/5292"}],"wp:attachment":[{"href":"https:\/\/www.podologie-raeke.at\/shop\/wp-json\/wp\/v2\/media?parent=5285"}],"wp:term":[{"taxonomy":"product_cat","embeddable":true,"href":"https:\/\/www.podologie-raeke.at\/shop\/wp-json\/wp\/v2\/product_cat?post=5285"},{"taxonomy":"product_tag","embeddable":true,"href":"https:\/\/www.podologie-raeke.at\/shop\/wp-json\/wp\/v2\/product_tag?post=5285"}],"curies":[{"name":"wp","href":"https:\/\/api.w.org\/{rel}","templated":true}]}}