{"id":5188,"date":"2023-03-14T16:01:33","date_gmt":"2023-03-14T15:01:33","guid":{"rendered":"https:\/\/www.podologie-raeke.at\/shop\/?post_type=product&#038;p=5188"},"modified":"2023-04-03T18:04:22","modified_gmt":"2023-04-03T16:04:22","slug":"blifestyle-skink-schmal-nappa-rosa-print","status":"publish","type":"product","link":"https:\/\/www.podologie-raeke.at\/shop\/produkt\/blifestyle-skink-schmal-nappa-rosa-print\/","title":{"rendered":"BLifestyle &#8211; SKINK &#8211; Schmal &#8211; Nappa &#8211; Rosa-Print"},"content":{"rendered":"<div class=\"product-detail-description-text\">\n<p>Der SKINK ist da! Die super leichte, biegsame, aber dennoch sch\u00fctzende Form des SKINKs bietet die perfekte L\u00f6sung f\u00fcr zahlreiche Aktivit\u00e4ten in den w\u00e4rmeren Monaten. Das Innenfutter aus pflanzlich gegerbten Bio-Leder ist besonders weich an euren F\u00fc\u00dfen. Die F\u00fc\u00dfe der jungen Abenteurer werden von einem angenehmen Barfu\u00dfgef\u00fchl umgeben und trotzdem vor dem jedem Wetter, der Umgebung und auch vor \u00fcberm\u00e4\u00dfigen Schwitzen gesch\u00fctzt.<\/p>\n<p>Der SKINK in schmal eignet sich f\u00fcr alle schmaleren Kinderf\u00fc\u00dfchen, denen mittlere Schuhe bisher zu breit waren. Die schmalen Modelle sind 5mm schmaler als die Modelle mit herk\u00f6mmlicher Breite.<\/p>\n<p><strong style=\"color: #333333; font-size: 14.4px;\">Details:<\/strong><\/p>\n<ul>\n<li><span style=\"color: #333333; font-size: 14.4px;\">Innenfutter: weiches Bioleder (pflanzlich gegerbt)<\/span><\/li>\n<li>Laufsohle: 100 % synth. Kautschuk<\/li>\n<li>Obermaterial: Bionappaleder<\/li>\n<li>Kragen: Veloursleder<\/li>\n<li>Produktionsland: Portugal<\/li>\n<li>Verschlussart: Klett<\/li>\n<\/ul>\n<\/div>\n<div class=\"product-detail-properties\">\n<div class=\"row product-detail-properties-container\">\n<p><strong>Herstellerhinweise:<br \/>\n<\/strong>Bioleder kann gewissen Merkmale wie Insektenstiche, Kratzer oder leichte Farbunterschiede aufweisen, welche aber zum einmaligen und nat\u00fcrlichen Charakter geh\u00f6ren. Jeder einzelne Schuh ist ein handgefertigtes Unikat, welcher die Handschrift des\/der Mitarbeiter*in tr\u00e4gt. Socken k\u00f6nnen sich bei starkem Schwitzen verf\u00e4rben. Um eine lange Haltbarkeit unseres Bioleders zu gew\u00e4hrleisten, ist ein guter Schutz vor N\u00e4sse und Feuchtigkeit essentiell.<\/p>\n<p>Bitte wasche deinen Schuh nicht in der Waschmaschine und s\u00e4ubere ihn nur mit einem geeigneten Reinigungsmittel. Wir empfehlen die Innensohle regelm\u00e4\u00dfig zum L\u00fcften aus dem Schuh zu nehmen und Staun\u00e4sse somit zu vermeiden. F\u00fcr optimale Produkteigenschaften sollten der Schuhe vor dem Einsatz impr\u00e4gniert werden, dies ist vor allem bei Schuhen mit Textilanteil wichtig.<\/p>\n<\/div>\n<\/div>","protected":false},"excerpt":{"rendered":"<p>Der SKINK ist da! Die super leichte, biegsame, aber dennoch sch\u00fctzende Form des SKINKs bietet die perfekte L\u00f6sung f\u00fcr zahlreiche Aktivit\u00e4ten in den w\u00e4rmeren Monaten. Das Innenfutter aus pflanzlich gegerbten Bio-Leder ist besonders weich an euren F\u00fc\u00dfen. Die F\u00fc\u00dfe der jungen Abenteurer werden von einem angenehmen Barfu\u00dfgef\u00fchl umgeben und trotzdem vor dem jedem Wetter, der Umgebung und auch vor \u00fcberm\u00e4\u00dfigen Schwitzen gesch\u00fctzt.<\/p>\n<p>Der SKINK in schmal eignet sich f\u00fcr alle schmaleren Kinderf\u00fc\u00dfchen, denen mittlere Schuhe bisher zu breit waren. Die schmalen Modelle sind 5mm schmaler als die Modelle mit herk\u00f6mmlicher Breite.<\/p>\n<p>Bioleder kann gewissen Merkmale wie Insektenstiche, Kratzer oder leichte Farbunterschiede aufweisen, welche aber zum einmaligen und nat\u00fcrlichen Charakter geh\u00f6ren. Jeder einzelne Schuh ist ein handgefertigtes Unikat, welcher die Handschrift des\/der Mitarbeiter*in tr\u00e4gt. Socken k\u00f6nnen sich bei starkem Schwitzen verf\u00e4rben. Um eine lange Haltbarkeit unseres Bioleders zu gew\u00e4hrleisten, ist ein guter Schutz vor N\u00e4sse und Feuchtigkeit essentiell.<\/p>\n<p>Bitte wasche deinen Schuh nicht in der Waschmaschine und s\u00e4ubere ihn nur mit einem geeigneten Reinigungsmittel. Wir empfehlen die Innensohle regelm\u00e4\u00dfig zum L\u00fcften aus dem Schuh zu nehmen und Staun\u00e4sse somit zu vermeiden. F\u00fcr optimale Produkteigenschaften sollten der Schuhe vor dem Einsatz impr\u00e4gniert werden, dies ist vor allem bei Schuhen mit Textilanteil wichtig.<\/p>\n","protected":false},"featured_media":5205,"comment_status":"open","ping_status":"closed","template":"","meta":[],"product_cat":[397,404],"product_tag":[359,401,405,416,402,328,77,510],"_links":{"self":[{"href":"https:\/\/www.podologie-raeke.at\/shop\/wp-json\/wp\/v2\/product\/5188"}],"collection":[{"href":"https:\/\/www.podologie-raeke.at\/shop\/wp-json\/wp\/v2\/product"}],"about":[{"href":"https:\/\/www.podologie-raeke.at\/shop\/wp-json\/wp\/v2\/types\/product"}],"replies":[{"embeddable":true,"href":"https:\/\/www.podologie-raeke.at\/shop\/wp-json\/wp\/v2\/comments?post=5188"}],"wp:featuredmedia":[{"embeddable":true,"href":"https:\/\/www.podologie-raeke.at\/shop\/wp-json\/wp\/v2\/media\/5205"}],"wp:attachment":[{"href":"https:\/\/www.podologie-raeke.at\/shop\/wp-json\/wp\/v2\/media?parent=5188"}],"wp:term":[{"taxonomy":"product_cat","embeddable":true,"href":"https:\/\/www.podologie-raeke.at\/shop\/wp-json\/wp\/v2\/product_cat?post=5188"},{"taxonomy":"product_tag","embeddable":true,"href":"https:\/\/www.podologie-raeke.at\/shop\/wp-json\/wp\/v2\/product_tag?post=5188"}],"curies":[{"name":"wp","href":"https:\/\/api.w.org\/{rel}","templated":true}]}}