{"id":4958,"date":"2022-05-23T14:52:20","date_gmt":"2022-05-23T12:52:20","guid":{"rendered":"https:\/\/www.podologie-raeke.at\/shop\/?post_type=product&#038;p=4958"},"modified":"2023-09-08T14:35:31","modified_gmt":"2023-09-08T12:35:31","slug":"blifestyle-gerenuk-mikrofaser-vegan-dunkelblau","status":"publish","type":"product","link":"https:\/\/www.podologie-raeke.at\/shop\/produkt\/blifestyle-gerenuk-mikrofaser-vegan-dunkelblau\/","title":{"rendered":"BLifestyle &#8211; GERENUK &#8211; Mikrofaser &#8211; Vegan &#8211; Dunkelblau"},"content":{"rendered":"<div class=\"product-detail-description-text\">\n<p>Die neue, vegane Sandale GERENUK ist da! Das spezielle Material sorgt daf\u00fcr, dass diese Sandale problemlos auch mal nass werden kann &#8211; bitte denk daran den Schuh anschlie\u00dfend aber gut austrocknen zu lassen und daf\u00fcr auch die Einlegesohle herauszunehmen.<\/p>\n<p>Durch den besonderen Aufbau des Schuhs l\u00e4sst sich der Schuh dank einem Klettverschluss links und rechts weit \u00f6ffnen und somit leicht und schnell an- und ausziehen. Auch beim GERENUK werden die F\u00fc\u00dfe ausreichend bel\u00fcftet und die Zehenpartie dennoch gut gesch\u00fctzt.<br \/>\n<u><strong>Details:<\/strong><\/u><\/p>\n<p>Obermaterial: Mikrofaser<br \/>\nInnenfutter: Synthetikfasern (atmungsaktiv)<br \/>\nGeschlecht: Junge, M\u00e4dchen, Unisex<br \/>\nVerschluss: Klett<br \/>\nSohle: 100 % synth. Kautschuk<br \/>\nFunktion: atmungsaktiv, pflegeleicht<br \/>\nPassform: mittel<br \/>\nHerkunft\/Produktion: Portugal<\/p>\n<p>&nbsp;<\/p>\n<p><strong>Material &amp; Pflegehinweis:<\/strong><br \/>\nBitte wasche deinen Schuh nicht in der Waschmaschine und s\u00e4ubere ihn nur mit einem geeigneten Reinigungsmittel. Wir empfehlen die Innensohle regelm\u00e4\u00dfig zum L\u00fcften aus dem Schuh zu nehmen und Staun\u00e4sse somit zu vermeiden. F\u00fcr optimale Produkteigenschaften sollten unsere Schuhe vor dem Einsatz impr\u00e4gniert werden, dies ist vor allem bei Schuhen mit Textilanteil wichtig.<\/p>\n<\/div>","protected":false},"excerpt":{"rendered":"<p>Die neue, vegane Sandale GERENUK ist da! Das spezielle Material sorgt daf\u00fcr, dass diese Sandale problemlos auch mal nass werden kann &#8211; bitte denk daran den Schuh anschlie\u00dfend aber gut austrocknen zu lassen und daf\u00fcr auch die Einlegesohle herauszunehmen.<\/p>\n<p>Durch den besonderen Aufbau des Schuhs l\u00e4sst sich der Schuh dank einem Klettverschluss links und rechts weit \u00f6ffnen und somit leicht und schnell an- und ausziehen. Auch beim GERENUK werden die F\u00fc\u00dfe ausreichend bel\u00fcftet und die Zehenpartie dennoch gut gesch\u00fctzt.<\/p>\n","protected":false},"featured_media":4971,"comment_status":"open","ping_status":"closed","template":"","meta":[],"product_cat":[397,404,324],"product_tag":[359,401,405,402,328,77,330,79],"_links":{"self":[{"href":"https:\/\/www.podologie-raeke.at\/shop\/wp-json\/wp\/v2\/product\/4958"}],"collection":[{"href":"https:\/\/www.podologie-raeke.at\/shop\/wp-json\/wp\/v2\/product"}],"about":[{"href":"https:\/\/www.podologie-raeke.at\/shop\/wp-json\/wp\/v2\/types\/product"}],"replies":[{"embeddable":true,"href":"https:\/\/www.podologie-raeke.at\/shop\/wp-json\/wp\/v2\/comments?post=4958"}],"wp:featuredmedia":[{"embeddable":true,"href":"https:\/\/www.podologie-raeke.at\/shop\/wp-json\/wp\/v2\/media\/4971"}],"wp:attachment":[{"href":"https:\/\/www.podologie-raeke.at\/shop\/wp-json\/wp\/v2\/media?parent=4958"}],"wp:term":[{"taxonomy":"product_cat","embeddable":true,"href":"https:\/\/www.podologie-raeke.at\/shop\/wp-json\/wp\/v2\/product_cat?post=4958"},{"taxonomy":"product_tag","embeddable":true,"href":"https:\/\/www.podologie-raeke.at\/shop\/wp-json\/wp\/v2\/product_tag?post=4958"}],"curies":[{"name":"wp","href":"https:\/\/api.w.org\/{rel}","templated":true}]}}