{"id":4929,"date":"2022-05-23T14:09:18","date_gmt":"2022-05-23T12:09:18","guid":{"rendered":"https:\/\/www.podologie-raeke.at\/shop\/?post_type=product&#038;p=4929"},"modified":"2023-09-26T14:39:53","modified_gmt":"2023-09-26T12:39:53","slug":"blifestyle-sneakerstyle-nappaleder-weiss-grau","status":"publish","type":"product","link":"https:\/\/www.podologie-raeke.at\/shop\/produkt\/blifestyle-sneakerstyle-nappaleder-weiss-grau\/","title":{"rendered":"BLifestyle &#8211; sneakerSTYLE &#8211; Nappaleder &#8211; wei\u00df\/grau"},"content":{"rendered":"<div class=\"product-detail-description-text\">\n<p>Der sneakerSTYLE, mit verbesserter Barfu\u00dfsohle. Dieser Schuh sorgt nicht nur f\u00fcr noch mehr Gripp im Alltag, sondern auch f\u00fcr einen nachhaltigen und fairen Fu\u00dfabdruck!<br \/>\nDie Behandlung des Bioleders ist wasserabweisend, rein pflanzlich gegerbt. Der robuste und atmungsaktive Schuh ist besonders langlebig und schenkt mit seiner ultra d\u00fcnnen Sohle ein ganz besonderes Laufgef\u00fchl.<\/p>\n<p>Bitte beachte:<br \/>\nBioleder kann gewisse Merkmale wie Insektenstiche, Kratzer oder leichte Farbunterschiede aufweisen, welche aber zum einmaligen und nat\u00fcrlichen Charakter geh\u00f6ren. Jeder einzelne Schuh ist ein handgefertigtes Unikat, welcher die Handschrift des Mitarbeiters tr\u00e4gt. Socken k\u00f6nnen sich bei starkem Schwitzen verf\u00e4rben.<\/p>\n<div class=\"product-detail-properties\">\n<div class=\"row product-detail-properties-container\">\n<div class=\"col-md-10 col-lg-6\"><span style=\"color: #555555; font-size: 14.4px;\">Obermaterial: Bio-Nappaleder<\/span><\/div>\n<\/div>\n<\/div>\n<p>Innenfutter: Weiches Bioleder (pflanzlich gegerbt)<\/p>\n<p>Verschluss: Schn\u00fcrer<\/p>\n<p>Eigenschaften: Bioleder (pflanzlich gegerbt)<\/p>\n<p>Produktion: Portugal<\/p>\n<\/div>\n<p>&nbsp;<\/p>\n<p><strong>Bioleder:<\/strong><br \/>\nBei dem Lederfutter, welches oft direkt auf unserer Haut getragen wird, werden keine Kompromisse eingegangen und ausschlie\u00dflich rein pflanzlich gegerbtes Bioleder <span style=\"font-size: 14.4px;\">verwendet<\/span><span style=\"font-size: 14.4px;\">. D<\/span><span style=\"font-size: 14.4px;\">ieses ist ressourcenschonender und umweltfreundlicher als Leder aus einer konventionellen Produktion. Die &#8220;Bio-Linie&#8221; besteht auch im Obermaterial komplett aus pflanzlich gegerbtem Bioleder.<\/span><\/p>\n<div class=\"product-detail-properties\">\n<div class=\"row product-detail-properties-container\">\n<div><\/div>\n<\/div>\n<\/div>","protected":false},"excerpt":{"rendered":"<p>Der sneakerSTYLE, mit verbesserter Barfu\u00dfsohle. Dieser Schuh sorgt nicht nur f\u00fcr noch mehr Gripp im Alltag, sondern auch f\u00fcr einen nachhaltigen und fairen Fu\u00dfabdruck!<br \/>\nDie Behandlung des Bioleders ist wasserabweisend, rein pflanzlich gegerbt. Der robuste und atmungsaktive Schuh ist besonders langlebig und schenkt mit seiner ultra d\u00fcnnen Sohle ein ganz besonderes Laufgef\u00fchl.<\/p>\n","protected":false},"featured_media":5023,"comment_status":"open","ping_status":"closed","template":"","meta":[],"product_cat":[397,398],"product_tag":[359,451,401,416,402,77],"_links":{"self":[{"href":"https:\/\/www.podologie-raeke.at\/shop\/wp-json\/wp\/v2\/product\/4929"}],"collection":[{"href":"https:\/\/www.podologie-raeke.at\/shop\/wp-json\/wp\/v2\/product"}],"about":[{"href":"https:\/\/www.podologie-raeke.at\/shop\/wp-json\/wp\/v2\/types\/product"}],"replies":[{"embeddable":true,"href":"https:\/\/www.podologie-raeke.at\/shop\/wp-json\/wp\/v2\/comments?post=4929"}],"wp:featuredmedia":[{"embeddable":true,"href":"https:\/\/www.podologie-raeke.at\/shop\/wp-json\/wp\/v2\/media\/5023"}],"wp:attachment":[{"href":"https:\/\/www.podologie-raeke.at\/shop\/wp-json\/wp\/v2\/media?parent=4929"}],"wp:term":[{"taxonomy":"product_cat","embeddable":true,"href":"https:\/\/www.podologie-raeke.at\/shop\/wp-json\/wp\/v2\/product_cat?post=4929"},{"taxonomy":"product_tag","embeddable":true,"href":"https:\/\/www.podologie-raeke.at\/shop\/wp-json\/wp\/v2\/product_tag?post=4929"}],"curies":[{"name":"wp","href":"https:\/\/api.w.org\/{rel}","templated":true}]}}