{"id":4789,"date":"2022-04-22T15:05:03","date_gmt":"2022-04-22T13:05:03","guid":{"rendered":"https:\/\/www.podologie-raeke.at\/shop\/?post_type=product&#038;p=4789"},"modified":"2022-05-10T14:50:08","modified_gmt":"2022-05-10T12:50:08","slug":"blifestyle-kodiak-bioleder-blau","status":"publish","type":"product","link":"https:\/\/www.podologie-raeke.at\/shop\/produkt\/blifestyle-kodiak-bioleder-blau\/","title":{"rendered":"BLifestyle &#8211; KODIAK- Bioleder &#8211; blau"},"content":{"rendered":"<div class=\"product-detail-description-text\">\n<p>Luftig, leicht und atmungsaktiv. Ob weiches organisches Veloursleder, pflanzlich gegerbtes Bioleder oder Eins\u00e4tze aus GOTS-zertifizierter Bio-Baumwolle \u2013 alle Materialien sind f\u00fcr einen weichen Tragekomfort eingesetzt und sind zudem so ausgew\u00e4hlt, dass der Schuh m\u00f6glichst nachhaltig produziert werden kann. Der klassische Stil wird mit sch\u00f6nen farbigen Akzente ausgestatten und somit wird der KODIAK zum absoluten Hingucker.<\/p>\n<p><u><strong>Details:<\/strong><\/u><\/p>\n<p>Obermaterial: Bioleder \/ Textil<br \/>\nKragen: Textil Baumwolle<br \/>\nFutter: Weiches Bioleder (pflanzlich gegerbt)<br \/>\nGeschlecht: Junge, M\u00e4dchen<br \/>\nVerschluss: Rei\u00dfverschluss und Schn\u00fcrer<br \/>\nSohle: 100 % synth. Kautschuk<br \/>\nHerkunft\/Produktion: Portugal<\/p>\n<p><strong style=\"font-size: 14.4px;\">Herstellerhinweise:<\/strong><\/p>\n<\/div>\n<div class=\"product-detail-properties\">\n<div class=\"row product-detail-properties-container\">\n<p>Bioleder kann gewissen Merkmale wie Insektenstiche, Kratzer oder leichte Farbunterschiede aufweisen, welche aber zum einmaligen und nat\u00fcrlichen Charakter geh\u00f6ren. Jeder einzelne Schuh ist ein handgefertigtes Unikat, welcher die Handschrift des\/der Mitarbeiter*in tr\u00e4gt. Socken k\u00f6nnen sich bei starkem Schwitzen verf\u00e4rben.<br \/>\nBitte wasche deinen Schuh nicht in der Waschmaschine und s\u00e4ubere ihn nur mit einem geeigneten Reinigungsmittel. Wir empfehlen die Innensohle regelm\u00e4\u00dfig zum L\u00fcften aus dem Schuh zu nehmen und Staun\u00e4sse somit zu vermeiden. F\u00fcr optimale Produkteigenschaften sollten unsere Schuhe vor dem Einsatz impr\u00e4gniert werden.<\/p>\n<p>&nbsp;<\/p>\n<\/div>\n<\/div>","protected":false},"excerpt":{"rendered":"<p>Luftig, leicht und atmungsaktiv. Ob weiches organisches Veloursleder, pflanzlich gegerbtes Bioleder oder Eins\u00e4tze aus GOTS-zertifizierter Bio-Baumwolle \u2013 alle Materialien sind f\u00fcr einen weichen Tragekomfort eingesetzt und sind zudem so ausgew\u00e4hlt, dass der Schuh m\u00f6glichst nachhaltig produziert werden kann. Der klassische Stil wird mit sch\u00f6nen farbigen Akzente ausgestatten und somit wird der KODIAK zum absoluten Hingucker.<\/p>\n","protected":false},"featured_media":4795,"comment_status":"open","ping_status":"closed","template":"","meta":[],"product_cat":[397,404],"product_tag":[359,401,405,416,402,328,77],"_links":{"self":[{"href":"https:\/\/www.podologie-raeke.at\/shop\/wp-json\/wp\/v2\/product\/4789"}],"collection":[{"href":"https:\/\/www.podologie-raeke.at\/shop\/wp-json\/wp\/v2\/product"}],"about":[{"href":"https:\/\/www.podologie-raeke.at\/shop\/wp-json\/wp\/v2\/types\/product"}],"replies":[{"embeddable":true,"href":"https:\/\/www.podologie-raeke.at\/shop\/wp-json\/wp\/v2\/comments?post=4789"}],"wp:featuredmedia":[{"embeddable":true,"href":"https:\/\/www.podologie-raeke.at\/shop\/wp-json\/wp\/v2\/media\/4795"}],"wp:attachment":[{"href":"https:\/\/www.podologie-raeke.at\/shop\/wp-json\/wp\/v2\/media?parent=4789"}],"wp:term":[{"taxonomy":"product_cat","embeddable":true,"href":"https:\/\/www.podologie-raeke.at\/shop\/wp-json\/wp\/v2\/product_cat?post=4789"},{"taxonomy":"product_tag","embeddable":true,"href":"https:\/\/www.podologie-raeke.at\/shop\/wp-json\/wp\/v2\/product_tag?post=4789"}],"curies":[{"name":"wp","href":"https:\/\/api.w.org\/{rel}","templated":true}]}}