{"id":4753,"date":"2022-04-22T10:26:53","date_gmt":"2022-04-22T08:26:53","guid":{"rendered":"https:\/\/www.podologie-raeke.at\/shop\/?post_type=product&#038;p=4753"},"modified":"2024-09-06T08:02:50","modified_gmt":"2024-09-06T06:02:50","slug":"blifestyle-okapi-vegan-sonnengelb","status":"publish","type":"product","link":"https:\/\/www.podologie-raeke.at\/shop\/produkt\/blifestyle-okapi-vegan-sonnengelb\/","title":{"rendered":"BLifestyle &#8211; OKAPI &#8211; vegan &#8211; Sonnengelb"},"content":{"rendered":"<div class=\"product-detail-description-text\">\n<p>Das Modell Okapi ist perfekt f\u00fcr alle, die einen veganen Barfu\u00dfschuh f\u00fcr die Kleinsten suchen. Die verwendete Baumwolle ist in Bio Qualit\u00e4t, das Obermaterial besteht aus einem leichten Microfaser-Textil und die flexible Barfu\u00dfsohle aus Kautschuk. Im Futter arbeiten wir mit Tencel, welches nicht nur deutlich weicher, sondern vor allem auch ressourcenschonender und nachhaltiger ist als Baumwolle.<br \/>\n<u><strong>Details:<\/strong><\/u><\/p>\n<p>Obermaterial: Microfaser \/ Textil<br \/>\nKragen: Textil Baumwolle<br \/>\nFutter: Tencel<br \/>\nGeschlecht: Junge, M\u00e4dchen<br \/>\nVerschluss: Klett<br \/>\nSohle: 100 % synth. Kautschuk<br \/>\nHerkunft\/Produktion: Portugal<\/p>\n<p><strong style=\"font-size: 14.4px;\">Herstellerhinweise:<\/strong><\/p>\n<\/div>\n<div class=\"product-detail-properties\">\n<div class=\"row product-detail-properties-container\">\n<p><span style=\"font-size: 14.4px;\">Bitte wasche deinen Schuh nicht in der Waschmaschine und s\u00e4ubere ihn nur mit einem geeigneten Reinigungsmittel. Mehr Pflegetipps findest du in unserem Nachhaltigkeitsbereich!<\/span><\/p>\n<p>&nbsp;<\/p>\n<\/div>\n<\/div>","protected":false},"excerpt":{"rendered":"<p>Das Modell Okapi ist perfekt f\u00fcr alle, die einen veganen Barfu\u00dfschuh f\u00fcr die Kleinsten suchen. Die verwendete Baumwolle ist in Bio Qualit\u00e4t, das Obermaterial besteht aus einem leichten Microfaser-Textil und die flexible Barfu\u00dfsohle aus Kautschuk. Im Futter arbeiten wir mit Tencel, welches nicht nur deutlich weicher, sondern vor allem auch ressourcenschonender und nachhaltiger ist als Baumwolle.<\/p>\n","protected":false},"featured_media":4761,"comment_status":"open","ping_status":"closed","template":"","meta":[],"product_cat":[397,404],"product_tag":[359,401,405,402,328,77,79],"_links":{"self":[{"href":"https:\/\/www.podologie-raeke.at\/shop\/wp-json\/wp\/v2\/product\/4753"}],"collection":[{"href":"https:\/\/www.podologie-raeke.at\/shop\/wp-json\/wp\/v2\/product"}],"about":[{"href":"https:\/\/www.podologie-raeke.at\/shop\/wp-json\/wp\/v2\/types\/product"}],"replies":[{"embeddable":true,"href":"https:\/\/www.podologie-raeke.at\/shop\/wp-json\/wp\/v2\/comments?post=4753"}],"wp:featuredmedia":[{"embeddable":true,"href":"https:\/\/www.podologie-raeke.at\/shop\/wp-json\/wp\/v2\/media\/4761"}],"wp:attachment":[{"href":"https:\/\/www.podologie-raeke.at\/shop\/wp-json\/wp\/v2\/media?parent=4753"}],"wp:term":[{"taxonomy":"product_cat","embeddable":true,"href":"https:\/\/www.podologie-raeke.at\/shop\/wp-json\/wp\/v2\/product_cat?post=4753"},{"taxonomy":"product_tag","embeddable":true,"href":"https:\/\/www.podologie-raeke.at\/shop\/wp-json\/wp\/v2\/product_tag?post=4753"}],"curies":[{"name":"wp","href":"https:\/\/api.w.org\/{rel}","templated":true}]}}