{"id":4706,"date":"2022-03-03T12:25:48","date_gmt":"2022-03-03T11:25:48","guid":{"rendered":"https:\/\/www.podologie-raeke.at\/shop\/?post_type=product&#038;p=4706"},"modified":"2023-08-14T10:26:39","modified_gmt":"2023-08-14T08:26:39","slug":"blifestyle-raccoon-bioleder-altrosa","status":"publish","type":"product","link":"https:\/\/www.podologie-raeke.at\/shop\/produkt\/blifestyle-raccoon-bioleder-altrosa\/","title":{"rendered":"BLifestyle &#8211; RACCOON &#8211; Bioleder &#8211; Altrosa"},"content":{"rendered":"<div class=\"product-detail-description-text\">\n<p><span style=\"font-size: 14.4px;\">Der Raccoon ist p<\/span>erfekt f\u00fcr kleine Barfu\u00dffans. Ob klettern auf dem Spielplatz, Besuch bei Oma oder herumtollen im Kindergarten, mit diesem Modell alles kein Problem!\u00a0Weiches pflanzlich gegerbtes umweltfreundliches Bio-Leder innen, sowie Bio-Nappaleder au\u00dfen bieten zusammen eine unschlagbare Kombination f\u00fcr einwandfreie Bewegungsfreiheit und ein perfektes Fu\u00dfgef\u00fchl.\u00a0 Zusammen mit der 4mm d\u00fcnnen Barfu\u00dfsohle steht langen Spazierg\u00e4ngen und anderen Abenteuern der jungen Entdecker nichts mehr im Wege.<\/p>\n<p><u><strong>Details:<\/strong><\/u><\/p>\n<p>Obermaterial: Bio-Nappaleder<br \/>\nKragen: Veloursleder<br \/>\nInnenfutter: Weiches Bioleder (pflanzlich gegerbt)<br \/>\nGeschlecht: M\u00e4dchen<br \/>\nVerschluss: Klett<br \/>\nSohlenfarbe: beige<br \/>\nHerkunft\/Produktion: Portugal<\/p>\n<p>&nbsp;<\/p>\n<\/div>\n<div class=\"product-detail-properties\">\n<div class=\"row product-detail-properties-container\">\n<p><strong>Herstellerhinweise:<\/strong><br \/>\nBioleder kann gewisse Merkmale wie Insektenstiche, Kratzer oder leichte Farbunterschiede aufweisen, welche aber zum einmaligen und nat\u00fcrlichen Charakter geh\u00f6ren. Jeder einzelne Schuh ist ein handgefertigtes Unikat, welcher die Handschrift des Mitarbeiters tr\u00e4gt. Socken k\u00f6nnen sich bei starkem Schwitzen verf\u00e4rben.<\/p>\n<p>Bitte wasche deinen Schuh nicht in der Waschmaschine und s\u00e4ubere ihn nur mit einem geeigneten Reinigungsmittel. Wir empfehlen die Innensohle regelm\u00e4\u00dfig zum L\u00fcften aus dem Schuh zu nehmen und Staun\u00e4sse somit zu vermeiden. F\u00fcr optimale Produkteigenschaften empfehlen wir den Schuh vor dem Einsatz zu impr\u00e4gnieren.<\/p>\n<\/div>\n<\/div>","protected":false},"excerpt":{"rendered":"<p><span style=\"font-size: 14.4px;\">Der Raccoon ist p<\/span>erfekt f\u00fcr kleine Barfu\u00dffans. Ob klettern auf dem Spielplatz, Besuch bei Oma oder herumtollen im Kindergarten, mit diesem Modell alles kein Problem!\u00a0Weiches pflanzlich gegerbtes umweltfreundliches Bio-Leder innen, sowie Bio-Nappaleder au\u00dfen bieten zusammen eine unschlagbare Kombination f\u00fcr einwandfreie Bewegungsfreiheit und ein perfektes Fu\u00dfgef\u00fchl.\u00a0 Zusammen mit der 4mm d\u00fcnnen Barfu\u00dfsohle steht langen Spazierg\u00e4ngen und anderen Abenteuern der jungen Entdecker nichts mehr im Wege.<\/p>\n","protected":false},"featured_media":4711,"comment_status":"open","ping_status":"closed","template":"","meta":[],"product_cat":[397,404],"product_tag":[359,401,405,416,402,328,77],"_links":{"self":[{"href":"https:\/\/www.podologie-raeke.at\/shop\/wp-json\/wp\/v2\/product\/4706"}],"collection":[{"href":"https:\/\/www.podologie-raeke.at\/shop\/wp-json\/wp\/v2\/product"}],"about":[{"href":"https:\/\/www.podologie-raeke.at\/shop\/wp-json\/wp\/v2\/types\/product"}],"replies":[{"embeddable":true,"href":"https:\/\/www.podologie-raeke.at\/shop\/wp-json\/wp\/v2\/comments?post=4706"}],"wp:featuredmedia":[{"embeddable":true,"href":"https:\/\/www.podologie-raeke.at\/shop\/wp-json\/wp\/v2\/media\/4711"}],"wp:attachment":[{"href":"https:\/\/www.podologie-raeke.at\/shop\/wp-json\/wp\/v2\/media?parent=4706"}],"wp:term":[{"taxonomy":"product_cat","embeddable":true,"href":"https:\/\/www.podologie-raeke.at\/shop\/wp-json\/wp\/v2\/product_cat?post=4706"},{"taxonomy":"product_tag","embeddable":true,"href":"https:\/\/www.podologie-raeke.at\/shop\/wp-json\/wp\/v2\/product_tag?post=4706"}],"curies":[{"name":"wp","href":"https:\/\/api.w.org\/{rel}","templated":true}]}}