{"id":4486,"date":"2021-10-21T11:25:22","date_gmt":"2021-10-21T09:25:22","guid":{"rendered":"https:\/\/www.podologie-raeke.at\/shop\/?post_type=product&#038;p=4486"},"modified":"2024-09-26T11:58:01","modified_gmt":"2024-09-26T09:58:01","slug":"blifestyle-urbanstyle-ecru","status":"publish","type":"product","link":"https:\/\/www.podologie-raeke.at\/shop\/produkt\/blifestyle-urbanstyle-ecru\/","title":{"rendered":"BLifestyle &#8211; urbanSTYLE &#8211; ecru"},"content":{"rendered":"<p>barfu\u00df. besser. bLIFESTYLE. Moderner Sneaker trifft auf bequeme Barfu\u00dfsohle &#8211; das ist das Modell &#8220;urbanSTYLE&#8221;. Weiches, rein pflanzlich gegerbtes Bioleder im Futter und Nappaleder als Obermaterial kombiniert mit der bequemen Sohle aus Kautschuk f\u00fcr das echte, gesunde Barfu\u00dfgef\u00fchl.<\/p>\n<p>Bitte beachte:<br \/>\nBioleder kann gewissen Merkmale wie Insektenstiche, Kratzer oder leichte Farbunterschiede aufweisen, welche aber zum einmaligen und nat\u00fcrlichen Charakter geh\u00f6ren. Jeder einzelne Schuh ist ein handgefertigtes Unikat, welcher die Handschrift des Mitarbeiters tr\u00e4gt. Socken k\u00f6nnen sich bei starkem Schwitzen verf\u00e4rben.<\/p>\n<p>Modell: urbanSTYLE<\/p>\n<p>Obermaterial: Nappaleder<\/p>\n<p>Kragen: Microfaser<\/p>\n<p>Futter: Leder (chromfrei)<\/p>\n<p>Einlegesohle: Leder (chromfrei)<\/p>\n<p>Laufsohle: 100 % synth. Kautschuk<\/p>\n<p>Geschlecht: Damen, Herren<\/p>\n<p>Verschluss: Schn\u00fcrer<\/p>\n<p>Herkunft\/Produktion: Portugal<\/p>","protected":false},"excerpt":{"rendered":"<p>barfu\u00df. besser. bLIFESTYLE<\/p>\n<p>Moderner Sneaker trifft auf bequeme Barfu\u00dfsohle &#8211; das ist das Modell &#8220;urbanSTYLE&#8221;. Weiches, rein pflanzlich gegerbtes Bioleder im Futter und Nappaleder als Obermaterial kombiniert mit der bequemen Sohle aus Kautschuk f\u00fcr das echte, gesunde Barfu\u00dfgef\u00fchl.<\/p>\n<p>Bitte beachte:<br \/>\nBioleder kann gewissen Merkmale wie Insektenstiche, Kratzer oder leichte Farbunterschiede aufweisen, welche aber zum einmaligen und nat\u00fcrlichen Charakter geh\u00f6ren. Jeder einzelne Schuh ist ein handgefertigtes Unikat, welcher die Handschrift des Mitarbeiters tr\u00e4gt. Socken k\u00f6nnen sich bei starkem Schwitzen verf\u00e4rben.<\/p>\n","protected":false},"featured_media":4496,"comment_status":"open","ping_status":"closed","template":"","meta":[],"product_cat":[397,398,399,324],"product_tag":[359,451,452,401,416,402,328,77,330],"_links":{"self":[{"href":"https:\/\/www.podologie-raeke.at\/shop\/wp-json\/wp\/v2\/product\/4486"}],"collection":[{"href":"https:\/\/www.podologie-raeke.at\/shop\/wp-json\/wp\/v2\/product"}],"about":[{"href":"https:\/\/www.podologie-raeke.at\/shop\/wp-json\/wp\/v2\/types\/product"}],"replies":[{"embeddable":true,"href":"https:\/\/www.podologie-raeke.at\/shop\/wp-json\/wp\/v2\/comments?post=4486"}],"wp:featuredmedia":[{"embeddable":true,"href":"https:\/\/www.podologie-raeke.at\/shop\/wp-json\/wp\/v2\/media\/4496"}],"wp:attachment":[{"href":"https:\/\/www.podologie-raeke.at\/shop\/wp-json\/wp\/v2\/media?parent=4486"}],"wp:term":[{"taxonomy":"product_cat","embeddable":true,"href":"https:\/\/www.podologie-raeke.at\/shop\/wp-json\/wp\/v2\/product_cat?post=4486"},{"taxonomy":"product_tag","embeddable":true,"href":"https:\/\/www.podologie-raeke.at\/shop\/wp-json\/wp\/v2\/product_tag?post=4486"}],"curies":[{"name":"wp","href":"https:\/\/api.w.org\/{rel}","templated":true}]}}