{"id":4441,"date":"2021-10-05T17:43:08","date_gmt":"2021-10-05T15:43:08","guid":{"rendered":"https:\/\/www.podologie-raeke.at\/shop\/?post_type=product&#038;p=4441"},"modified":"2022-11-25T17:00:44","modified_gmt":"2022-11-25T16:00:44","slug":"blifestyle-gibbon-bio-nappaleder-echte-wolle-rose","status":"publish","type":"product","link":"https:\/\/www.podologie-raeke.at\/shop\/produkt\/blifestyle-gibbon-bio-nappaleder-echte-wolle-rose\/","title":{"rendered":"BLifestyle &#8211; GIBBON &#8211; Bio-Nappaleder &#8211; echte Wolle &#8211; Rose"},"content":{"rendered":"<div class=\"product-detail-description-text\">\n<p><span style=\"font-size: 14.4px;\">Gibbon von bLifestyle, der ideale Alltagsschuh f\u00fcr kleine F\u00fc\u00dfe! Er besteht aus Bio-Nappaleder.\u00a0<\/span><span style=\"font-size: 14.4px;\">Die d\u00fcnne Sohle aus Kautschuk mit Echtkork-Anteil sorgt f\u00fcr das angenehme Barfu\u00dfgef\u00fchl. Dabei h\u00e4lt das Futtermaterial aus echter, mulesing freier Wolle f\u00fcr wohlig warme F\u00fc\u00dfe. <\/span><\/p>\n<div class=\"product-detail-description-text\">\n<div class=\"product-detail-description-text\">\n<div class=\"product-detail-description-text\">\n<p>Das wichtigste f\u00fcr die Entwicklung des kindlichen Fu\u00dfes ist ein weicher, flexibler Schuh der ausreichend Platz bietet.<\/p>\n<\/div>\n<\/div>\n<\/div>\n<p><strong style=\"font-size: 14.4px;\">Herstellerhinweise<\/strong><span style=\"font-size: 14.4px;\">:<\/span><\/p>\n<p>Bioleder kann gewisse Merkmale wie Insektenstiche, Kratzer oder leichte Farbunterschiede aufweisen, welche aber zum einmaligen und nat\u00fcrlichen Charakter geh\u00f6ren. Jeder einzelne Schuh ist ein handgefertigtes Unikat, welcher die Handschrift des Mitarbeiters tr\u00e4gt. Damit die F\u00fc\u00dfe trocken bleiben, sollten die Schuhe dennoch vor dem ersten Gebrauch impr\u00e4gniert werden. Wir empfehlen au\u00dferdem regelm\u00e4\u00dfiges separates Ausl\u00fcften und Trocknen von Schuh und Sohle! Bitte wasche deinen Schuh nicht in der Waschmaschine und s\u00e4ubere ihn nur mit einem geeigneten Reinigungsmittel. F\u00fcr optimale Produkteigenschaften empfehlen wir den Schuh vor dem Einsatz zu impr\u00e4gnieren.<\/p>\n<p><u style=\"font-size: 14.4px;\"><strong>Details:<\/strong><\/u><\/p>\n<ul>\n<li>Obermaterial: Bio-Nappaleder<\/li>\n<li>Kragen: Veloursleder<\/li>\n<li>Einlegesohle: echte Wolle (mulesing free)<\/li>\n<li>Futter: echte Wolle (mulesing free)<\/li>\n<li>Laufsohle: 70\/30 synth. Kautschuk\/Kork<\/li>\n<li>Produktionsland: Portugal<\/li>\n<li>Verschlussart: Klett<\/li>\n<\/ul>\n<\/div>","protected":false},"excerpt":{"rendered":"<p><span style=\"font-size: 14.4px;\">Gibbon von bLifestyle, der ideale Alltagsschuh f\u00fcr kleine F\u00fc\u00dfe! Er besteht aus Bio-Nappaleder.\u00a0<\/span><span style=\"font-size: 14.4px;\">Die d\u00fcnne Sohle aus Kautschuk mit Echtkork-Anteil sorgt f\u00fcr das angenehme Barfu\u00dfgef\u00fchl. Dabei h\u00e4lt das Futtermaterial aus echter, mulesing freier Wolle f\u00fcr wohlig warme F\u00fc\u00dfe. <\/span><\/p>\n<div class=\"product-detail-description-text\">\n<div class=\"product-detail-description-text\">\n<div class=\"product-detail-description-text\">\n<p>Das wichtigste f\u00fcr die Entwicklung des kindlichen Fu\u00dfes ist ein weicher, flexibler Schuh der ausreichend Platz bietet.<\/p>\n<\/div>\n<\/div>\n<\/div>\n","protected":false},"featured_media":4448,"comment_status":"open","ping_status":"closed","template":"","meta":[],"product_cat":[397,404],"product_tag":[359,401,405,416,402,328,77,360],"_links":{"self":[{"href":"https:\/\/www.podologie-raeke.at\/shop\/wp-json\/wp\/v2\/product\/4441"}],"collection":[{"href":"https:\/\/www.podologie-raeke.at\/shop\/wp-json\/wp\/v2\/product"}],"about":[{"href":"https:\/\/www.podologie-raeke.at\/shop\/wp-json\/wp\/v2\/types\/product"}],"replies":[{"embeddable":true,"href":"https:\/\/www.podologie-raeke.at\/shop\/wp-json\/wp\/v2\/comments?post=4441"}],"wp:featuredmedia":[{"embeddable":true,"href":"https:\/\/www.podologie-raeke.at\/shop\/wp-json\/wp\/v2\/media\/4448"}],"wp:attachment":[{"href":"https:\/\/www.podologie-raeke.at\/shop\/wp-json\/wp\/v2\/media?parent=4441"}],"wp:term":[{"taxonomy":"product_cat","embeddable":true,"href":"https:\/\/www.podologie-raeke.at\/shop\/wp-json\/wp\/v2\/product_cat?post=4441"},{"taxonomy":"product_tag","embeddable":true,"href":"https:\/\/www.podologie-raeke.at\/shop\/wp-json\/wp\/v2\/product_tag?post=4441"}],"curies":[{"name":"wp","href":"https:\/\/api.w.org\/{rel}","templated":true}]}}