{"id":4111,"date":"2021-04-16T14:30:11","date_gmt":"2021-04-16T12:30:11","guid":{"rendered":"https:\/\/www.podologie-raeke.at\/shop\/?post_type=product&#038;p=4111"},"modified":"2025-03-07T15:51:59","modified_gmt":"2025-03-07T14:51:59","slug":"blifestyle-crocodile","status":"publish","type":"product","link":"https:\/\/www.podologie-raeke.at\/shop\/produkt\/blifestyle-crocodile\/","title":{"rendered":"BLifestyle &#8211; CROCODILE"},"content":{"rendered":"<div class=\"product-detail-description-text\">\n<p><span style=\"font-size: 14.4px;\">Schnapp macht das Krokodil &#8211; aber nicht bei uns! Denn mit dem leichten und bequemen Modell Crocodile flitzt man einfach schnell davon. Vor allem etwas breitere Kinderf\u00fc\u00dfe f\u00fchlen sich durch das weiter geschnittene Modell Crocodile wohl. Im Innenbereich des Schuhs handelt es sich um GOTS zertifizierte Bio Baumwolle, das Obermaterial aus Microfasern macht den Schuh besonders leicht! <\/span><\/p>\n<p><u><strong>Details:<\/strong><\/u><\/p>\n<p>Obermaterial: Microfaser \/ Textil<br \/>\nInnenfutter: Tencel<br \/>\nFarbe: feuerrot, grau<br \/>\nGeschlecht: Junge, Kinder, M\u00e4dchen, Unisex<br \/>\nVerschluss: Klett<br \/>\nSohle: 100 % synth. Kautschuk<br \/>\nSohlenfarbe: wei\u00df<br \/>\nHerkunft\/Produktion: Portugal<\/p>\n<\/div>","protected":false},"excerpt":{"rendered":"<div class=\"product-detail-description-text\">\n<div class=\"product-detail-description-text\">\n<p><span style=\"font-size: 14.4px;\">Schnapp macht das Krokodil &#8211; aber nicht bei uns! Denn mit dem leichten und bequemen Modell Crocodile flitzt man einfach schnell davon. Vor allem etwas breitere Kinderf\u00fc\u00dfe f\u00fchlen sich durch das weiter geschnittene Modell Crocodile wohl. Im Innenbereich des Schuhs handelt es sich um GOTS zertifizierte Bio Baumwolle, das Obermaterial aus Microfasern macht den Schuh besonders leicht!<\/span><\/p>\n<\/div>\n<\/div>\n","protected":false},"featured_media":4140,"comment_status":"open","ping_status":"closed","template":"","meta":[],"product_cat":[397,404,324],"product_tag":[359,401,405,402,328,77,330],"_links":{"self":[{"href":"https:\/\/www.podologie-raeke.at\/shop\/wp-json\/wp\/v2\/product\/4111"}],"collection":[{"href":"https:\/\/www.podologie-raeke.at\/shop\/wp-json\/wp\/v2\/product"}],"about":[{"href":"https:\/\/www.podologie-raeke.at\/shop\/wp-json\/wp\/v2\/types\/product"}],"replies":[{"embeddable":true,"href":"https:\/\/www.podologie-raeke.at\/shop\/wp-json\/wp\/v2\/comments?post=4111"}],"wp:featuredmedia":[{"embeddable":true,"href":"https:\/\/www.podologie-raeke.at\/shop\/wp-json\/wp\/v2\/media\/4140"}],"wp:attachment":[{"href":"https:\/\/www.podologie-raeke.at\/shop\/wp-json\/wp\/v2\/media?parent=4111"}],"wp:term":[{"taxonomy":"product_cat","embeddable":true,"href":"https:\/\/www.podologie-raeke.at\/shop\/wp-json\/wp\/v2\/product_cat?post=4111"},{"taxonomy":"product_tag","embeddable":true,"href":"https:\/\/www.podologie-raeke.at\/shop\/wp-json\/wp\/v2\/product_tag?post=4111"}],"curies":[{"name":"wp","href":"https:\/\/api.w.org\/{rel}","templated":true}]}}