{"id":3338,"date":"2020-06-15T17:47:32","date_gmt":"2020-06-15T15:47:32","guid":{"rendered":"https:\/\/www.podologie-raeke.at\/shop\/?post_type=product&#038;p=3338"},"modified":"2024-08-20T15:00:36","modified_gmt":"2024-08-20T13:00:36","slug":"on-cloudstratus-men","status":"publish","type":"product","link":"https:\/\/www.podologie-raeke.at\/shop\/produkt\/on-cloudstratus-men\/","title":{"rendered":"On Cloudstratus &#8211; MEN"},"content":{"rendered":"<p>Der On Cloudstratus, der Performance-Schuh f\u00fcr maximale D\u00e4mpfung auf Asphalt \u2013 f\u00fcr 5 km bis Marathon.<\/p>\n<p>Ca. 75 % des Polyesters im langlebigen und dynamischen Obermaterial sind recycelt. Mit der Stern-Schn\u00fcrung, dem weiten Vorfu\u00df und dem verbesserten Halt an der Ferse ist der Cloudstratus ideal f\u00fcr alle Arten von L\u00e4ufern. Gummi-Grip in der Au\u00dfensohle sorgt zudem f\u00fcr Traktion auf Asphalt.<\/p>","protected":false},"excerpt":{"rendered":"<p>Der On Cloudstratus, der Performance-Schuh f\u00fcr maximale D\u00e4mpfung auf Asphalt \u2013 f\u00fcr 5 km bis Marathon.<\/p>\n","protected":false},"featured_media":4024,"comment_status":"open","ping_status":"closed","template":"","meta":[],"product_cat":[363,252],"product_tag":[450,336,386,385,332],"_links":{"self":[{"href":"https:\/\/www.podologie-raeke.at\/shop\/wp-json\/wp\/v2\/product\/3338"}],"collection":[{"href":"https:\/\/www.podologie-raeke.at\/shop\/wp-json\/wp\/v2\/product"}],"about":[{"href":"https:\/\/www.podologie-raeke.at\/shop\/wp-json\/wp\/v2\/types\/product"}],"replies":[{"embeddable":true,"href":"https:\/\/www.podologie-raeke.at\/shop\/wp-json\/wp\/v2\/comments?post=3338"}],"wp:featuredmedia":[{"embeddable":true,"href":"https:\/\/www.podologie-raeke.at\/shop\/wp-json\/wp\/v2\/media\/4024"}],"wp:attachment":[{"href":"https:\/\/www.podologie-raeke.at\/shop\/wp-json\/wp\/v2\/media?parent=3338"}],"wp:term":[{"taxonomy":"product_cat","embeddable":true,"href":"https:\/\/www.podologie-raeke.at\/shop\/wp-json\/wp\/v2\/product_cat?post=3338"},{"taxonomy":"product_tag","embeddable":true,"href":"https:\/\/www.podologie-raeke.at\/shop\/wp-json\/wp\/v2\/product_tag?post=3338"}],"curies":[{"name":"wp","href":"https:\/\/api.w.org\/{rel}","templated":true}]}}