{"id":2526,"date":"2020-03-22T14:40:36","date_gmt":"2020-03-22T13:40:36","guid":{"rendered":"https:\/\/www.podologie-raeke.at\/shop\/?post_type=product&#038;p=2526"},"modified":"2021-09-14T22:31:18","modified_gmt":"2021-09-14T20:31:18","slug":"rif-l","status":"publish","type":"product","link":"https:\/\/www.podologie-raeke.at\/shop\/produkt\/rif-l\/","title":{"rendered":"Vivobarefoot RIF &#8211; indigo Gr. 36 &#8211; LADIES"},"content":{"rendered":"<p>Unser RIF ECO SUEDE ist der Innbegriff einer simplen und veganen Anfertigung.<br \/>\nAls Design-Vorbild diente uns ein 400 Jahre alter Marokkanischer Sandd\u00fcnen-Laufschuh den wir mit unserem ECO SUEDE Material und patentierten, durchsto\u00dffesten 3mm V-Life Sohle im 21 Jahrhundert wieder auferstehen lassen. Das weiche, aus recycelten PET Flaschen produzierte ECO SUEDE Obermaterial, schmiegt sich bequem den Fu\u00df an und bewahrt pro Paar 17 PET Flaschen vor der M\u00fclldeponie.<\/p>\n<p>Mit dem RIF ECO SUEDE kann der Sommer Barfu\u00df und gleichzeitig mit einem kleinen \u00d6kologischen Fu\u00dfabdruck erlebt werden.<\/p>","protected":false},"excerpt":{"rendered":"<p>Unser RIF ECO SUEDE ist der Innbegriff einer simplen und veganen Anfertigung.<br \/>\nAls Design-Vorbild diente uns ein 400 Jahre alter Marokkanischer Sandd\u00fcnen-Laufschuh den wir mit unserem ECO SUEDE Material und patentierten, durchsto\u00dffesten 3mm V-Life Sohle im 21 Jahrhundert wieder auferstehen lassen. Das weiche, aus recycelten PET Flaschen produzierte ECO SUEDE Obermaterial, schmiegt sich bequem den Fu\u00df an und bewahrt pro Paar 17 PET Flaschen vor der M\u00fclldeponie.<\/p>\n","protected":false},"featured_media":2527,"comment_status":"open","ping_status":"closed","template":"","meta":[],"product_cat":[350,324,337],"product_tag":[451],"_links":{"self":[{"href":"https:\/\/www.podologie-raeke.at\/shop\/wp-json\/wp\/v2\/product\/2526"}],"collection":[{"href":"https:\/\/www.podologie-raeke.at\/shop\/wp-json\/wp\/v2\/product"}],"about":[{"href":"https:\/\/www.podologie-raeke.at\/shop\/wp-json\/wp\/v2\/types\/product"}],"replies":[{"embeddable":true,"href":"https:\/\/www.podologie-raeke.at\/shop\/wp-json\/wp\/v2\/comments?post=2526"}],"wp:featuredmedia":[{"embeddable":true,"href":"https:\/\/www.podologie-raeke.at\/shop\/wp-json\/wp\/v2\/media\/2527"}],"wp:attachment":[{"href":"https:\/\/www.podologie-raeke.at\/shop\/wp-json\/wp\/v2\/media?parent=2526"}],"wp:term":[{"taxonomy":"product_cat","embeddable":true,"href":"https:\/\/www.podologie-raeke.at\/shop\/wp-json\/wp\/v2\/product_cat?post=2526"},{"taxonomy":"product_tag","embeddable":true,"href":"https:\/\/www.podologie-raeke.at\/shop\/wp-json\/wp\/v2\/product_tag?post=2526"}],"curies":[{"name":"wp","href":"https:\/\/api.w.org\/{rel}","templated":true}]}}