{"id":2515,"date":"2020-03-22T14:33:41","date_gmt":"2020-03-22T13:33:41","guid":{"rendered":"https:\/\/www.podologie-raeke.at\/shop\/?post_type=product&#038;p=2515"},"modified":"2021-03-09T12:21:46","modified_gmt":"2021-03-09T11:21:46","slug":"primus-lux-l","status":"publish","type":"product","link":"https:\/\/www.podologie-raeke.at\/shop\/produkt\/primus-lux-l\/","title":{"rendered":"Vivobarefoot PRIMUS LUX &#8211; LADIES"},"content":{"rendered":"<p>Der PRIMUS LUX erlaubt es jeden Tag sportlich und elegant wie Barfu\u00df zu erleben. Egal ob beim Arbeits-Meeting oder beim Erkunden deiner Urbanen Umgebung.<\/p>\n<p>Der PRIMUS LUX ist der Luxus-Sneaker von Vivobarefoot aus Pittards Leder. Das Loch-Muster des Leders gibt dem Minimalschuh nicht nur seine sportliche Optik, sondern bietet gleichzeitig beste Atmungsaktivit\u00e4t auch an hei\u00dfen Tagen. Die Innensohle besteht ebenfalls aus Leder um den Anspr\u00fcchen an ein Luxus Modell zu erf\u00fcllen.<\/p>\n<p>Als Au\u00dfen-Sohle wird die patentierte 3mm V-Life Sohle von Vivobarefoot verwendet, die wie gewohnt bestes Sensorisches Feedback bei gleichzeitigem Schutz der Fu\u00dfsohlen bietet.<\/p>","protected":false},"excerpt":{"rendered":"<p>Der PRIMUS LUX erlaubt es jeden Tag sportlich und elegant wie Barfu\u00df zu erleben. Egal ob beim Arbeits-Meeting oder beim Erkunden deiner Urbanen Umgebung.<\/p>\n","protected":false},"featured_media":2269,"comment_status":"open","ping_status":"closed","template":"","meta":[],"product_cat":[350,324,337],"product_tag":[359,340],"_links":{"self":[{"href":"https:\/\/www.podologie-raeke.at\/shop\/wp-json\/wp\/v2\/product\/2515"}],"collection":[{"href":"https:\/\/www.podologie-raeke.at\/shop\/wp-json\/wp\/v2\/product"}],"about":[{"href":"https:\/\/www.podologie-raeke.at\/shop\/wp-json\/wp\/v2\/types\/product"}],"replies":[{"embeddable":true,"href":"https:\/\/www.podologie-raeke.at\/shop\/wp-json\/wp\/v2\/comments?post=2515"}],"wp:featuredmedia":[{"embeddable":true,"href":"https:\/\/www.podologie-raeke.at\/shop\/wp-json\/wp\/v2\/media\/2269"}],"wp:attachment":[{"href":"https:\/\/www.podologie-raeke.at\/shop\/wp-json\/wp\/v2\/media?parent=2515"}],"wp:term":[{"taxonomy":"product_cat","embeddable":true,"href":"https:\/\/www.podologie-raeke.at\/shop\/wp-json\/wp\/v2\/product_cat?post=2515"},{"taxonomy":"product_tag","embeddable":true,"href":"https:\/\/www.podologie-raeke.at\/shop\/wp-json\/wp\/v2\/product_tag?post=2515"}],"curies":[{"name":"wp","href":"https:\/\/api.w.org\/{rel}","templated":true}]}}