{"id":2461,"date":"2020-03-22T13:28:17","date_gmt":"2020-03-22T12:28:17","guid":{"rendered":"https:\/\/www.podologie-raeke.at\/shop\/?post_type=product&#038;p=2461"},"modified":"2020-08-21T10:35:47","modified_gmt":"2020-08-21T08:35:47","slug":"primus-trio-m","status":"publish","type":"product","link":"https:\/\/www.podologie-raeke.at\/shop\/produkt\/primus-trio-m\/","title":{"rendered":"Vivobarefoot PRIMUS TRIO &#8211; MEN"},"content":{"rendered":"<p>Der PRIMUS TRIO ist unser neues Premium Modell im Bewegungs-Bereich. Bestehend aus dem Material-Trio Suede, Mesh und Leder f\u00fchlt sich dieser Primus am Fu\u00df an als w\u00fcrde man Barfu\u00df fortbewegen. Die Obermaterial-Kombination aus weichem Rau-Leder und atmungsaktiven Mesh-Gewebe \u00fcbernimmt jede Bewegung der F\u00fc\u00dfe. Die Innensohle aus Leder gibt den Schuh ein Premium-Touch und bietet zusammen mit unserer patentierte 3mm V-Life Sohle, die wie gewohnt bestes Sensorisches Feedback und besten Halt bei gleichzeitigem Schutz der Fu\u00dfsohlen.<\/p>\n<p>Mit dem PRIMUS TRIO ist jeder kurze Sprint zu U-Bahn, nachmittags Spaziergang oder Arbeitstag wie Barfu\u00df zu erleben. So wie es die Natur vorgesehen hat.<\/p>","protected":false},"excerpt":{"rendered":"<p>Der PRIMUS TRIO ist unser neues Premium Modell im Bewegungs-Bereich.<\/p>\n<p>Bestehend aus dem Material-Trio Suede, Mesh und Leder f\u00fchlt sich dieser Primus am Fu\u00df an als w\u00fcrde man Barfu\u00df fortbewegen.<\/p>\n","protected":false},"featured_media":2471,"comment_status":"open","ping_status":"closed","template":"","meta":[],"product_cat":[351,324,337],"product_tag":[79,340],"_links":{"self":[{"href":"https:\/\/www.podologie-raeke.at\/shop\/wp-json\/wp\/v2\/product\/2461"}],"collection":[{"href":"https:\/\/www.podologie-raeke.at\/shop\/wp-json\/wp\/v2\/product"}],"about":[{"href":"https:\/\/www.podologie-raeke.at\/shop\/wp-json\/wp\/v2\/types\/product"}],"replies":[{"embeddable":true,"href":"https:\/\/www.podologie-raeke.at\/shop\/wp-json\/wp\/v2\/comments?post=2461"}],"wp:featuredmedia":[{"embeddable":true,"href":"https:\/\/www.podologie-raeke.at\/shop\/wp-json\/wp\/v2\/media\/2471"}],"wp:attachment":[{"href":"https:\/\/www.podologie-raeke.at\/shop\/wp-json\/wp\/v2\/media?parent=2461"}],"wp:term":[{"taxonomy":"product_cat","embeddable":true,"href":"https:\/\/www.podologie-raeke.at\/shop\/wp-json\/wp\/v2\/product_cat?post=2461"},{"taxonomy":"product_tag","embeddable":true,"href":"https:\/\/www.podologie-raeke.at\/shop\/wp-json\/wp\/v2\/product_tag?post=2461"}],"curies":[{"name":"wp","href":"https:\/\/api.w.org\/{rel}","templated":true}]}}