{"id":2456,"date":"2020-03-22T13:21:14","date_gmt":"2020-03-22T12:21:14","guid":{"rendered":"https:\/\/www.podologie-raeke.at\/shop\/?post_type=product&#038;p=2456"},"modified":"2021-02-04T12:17:01","modified_gmt":"2021-02-04T11:17:01","slug":"primus-lite-2-m","status":"publish","type":"product","link":"https:\/\/www.podologie-raeke.at\/shop\/produkt\/primus-lite-2-m\/","title":{"rendered":"Vivobarefoot PRIMUS LITE II &#8211; MEN"},"content":{"rendered":"<p>Der PRIMUS LITE II besticht durch sein d\u00fcnnes, veganes, atmungsaktives Obermaterial und schmiegt sich perfekt dem Fu\u00df an.<\/p>\n<p>Unsere patentierte, durchsto\u00dffeste 3mm Sohle gibt maximales Barfu\u00dfgef\u00fchl bei gleichzeitigem Schutz der F\u00fc\u00dfe. Somit ist dieser Minimal-Schuh so nah am echten Barfu\u00dflaufen, wie es noch keiner unserer Schuhe vermitteln konnte.<\/p>\n<p>&nbsp;<\/p>","protected":false},"excerpt":{"rendered":"<p>Der PRIMUS LITE II besticht durch sein d\u00fcnnes, veganes, atmungsaktives Obermaterial und schmiegt sich perfekt dem Fu\u00df an.<\/p>\n<p>Unsere patentierte, durchsto\u00dffeste 3mm Sohle gibt maximales Barfu\u00dfgef\u00fchl bei gleichzeitigem Schutz der F\u00fc\u00dfe. Somit ist dieser Minimal-Schuh so nah am echten Barfu\u00dflaufen, wie es noch keiner unserer Schuhe vermitteln konnte.<\/p>\n","protected":false},"featured_media":2377,"comment_status":"open","ping_status":"closed","template":"","meta":[],"product_cat":[351,324,337],"product_tag":[79,340],"_links":{"self":[{"href":"https:\/\/www.podologie-raeke.at\/shop\/wp-json\/wp\/v2\/product\/2456"}],"collection":[{"href":"https:\/\/www.podologie-raeke.at\/shop\/wp-json\/wp\/v2\/product"}],"about":[{"href":"https:\/\/www.podologie-raeke.at\/shop\/wp-json\/wp\/v2\/types\/product"}],"replies":[{"embeddable":true,"href":"https:\/\/www.podologie-raeke.at\/shop\/wp-json\/wp\/v2\/comments?post=2456"}],"wp:featuredmedia":[{"embeddable":true,"href":"https:\/\/www.podologie-raeke.at\/shop\/wp-json\/wp\/v2\/media\/2377"}],"wp:attachment":[{"href":"https:\/\/www.podologie-raeke.at\/shop\/wp-json\/wp\/v2\/media?parent=2456"}],"wp:term":[{"taxonomy":"product_cat","embeddable":true,"href":"https:\/\/www.podologie-raeke.at\/shop\/wp-json\/wp\/v2\/product_cat?post=2456"},{"taxonomy":"product_tag","embeddable":true,"href":"https:\/\/www.podologie-raeke.at\/shop\/wp-json\/wp\/v2\/product_tag?post=2456"}],"curies":[{"name":"wp","href":"https:\/\/api.w.org\/{rel}","templated":true}]}}