{"id":2428,"date":"2020-03-22T12:54:30","date_gmt":"2020-03-22T11:54:30","guid":{"rendered":"https:\/\/www.podologie-raeke.at\/shop\/?post_type=product&#038;p=2428"},"modified":"2020-09-14T18:50:40","modified_gmt":"2020-09-14T16:50:40","slug":"vivobarefoot-primus-trail-sg-ladies","status":"publish","type":"product","link":"https:\/\/www.podologie-raeke.at\/shop\/produkt\/vivobarefoot-primus-trail-sg-ladies\/","title":{"rendered":"Vivobarefoot PRIMUS TRAIL SG &#8211; LADIES"},"content":{"rendered":"<p>Der PRIMUS TRAIL SG ist unser leichtgewichtiges Modell f\u00fcr alle die Trails lieben und nicht auf betretenen Pfaden zu finden sind.<\/p>\n<p>Der PRIMUS TRAIL Soft Ground besitzt eine Sohle die speziell f\u00fcr weiche Untergr\u00fcnde konzipiert wurde. Mit weniger und weiter auseinander liegenden Lamellen, bietet unsere neue Sohle auf schlammigen, sehr nassen Waldb\u00f6den oder sogar auf steinigem Gel\u00e4nde besten Halt.<\/p>\n<p>Das vegane Obermaterial besteht aus atmungsaktivem Mesh das an den n\u00f6tigen Stellen mit unserem abriebfesten ECO Rubber, produziert aus recycelten Reifen, verst\u00e4rkt wurde. Mit dem PRIMUS TRAIL SG bieten wir jedem Trail-L\u00e4ufer den perfekten Schuh der besten Halt mit nat\u00fcrlichem Barfu\u00df-Laufen verbindet!<\/p>","protected":false},"excerpt":{"rendered":"<p>Der PRIMUS TRAIL SG ist unser leichtgewichtiges Modell f\u00fcr alle die Trails lieben und nicht auf betretenen Pfaden zu finden sind.<\/p>\n<p>Der PRIMUS TRAIL Soft Ground besitzt eine Sohle die speziell f\u00fcr weiche Untergr\u00fcnde konzipiert wurde.<\/p>\n","protected":false},"featured_media":2427,"comment_status":"open","ping_status":"closed","template":"","meta":[],"product_cat":[350,324,337],"product_tag":[352,79,340],"_links":{"self":[{"href":"https:\/\/www.podologie-raeke.at\/shop\/wp-json\/wp\/v2\/product\/2428"}],"collection":[{"href":"https:\/\/www.podologie-raeke.at\/shop\/wp-json\/wp\/v2\/product"}],"about":[{"href":"https:\/\/www.podologie-raeke.at\/shop\/wp-json\/wp\/v2\/types\/product"}],"replies":[{"embeddable":true,"href":"https:\/\/www.podologie-raeke.at\/shop\/wp-json\/wp\/v2\/comments?post=2428"}],"wp:featuredmedia":[{"embeddable":true,"href":"https:\/\/www.podologie-raeke.at\/shop\/wp-json\/wp\/v2\/media\/2427"}],"wp:attachment":[{"href":"https:\/\/www.podologie-raeke.at\/shop\/wp-json\/wp\/v2\/media?parent=2428"}],"wp:term":[{"taxonomy":"product_cat","embeddable":true,"href":"https:\/\/www.podologie-raeke.at\/shop\/wp-json\/wp\/v2\/product_cat?post=2428"},{"taxonomy":"product_tag","embeddable":true,"href":"https:\/\/www.podologie-raeke.at\/shop\/wp-json\/wp\/v2\/product_tag?post=2428"}],"curies":[{"name":"wp","href":"https:\/\/api.w.org\/{rel}","templated":true}]}}