{"id":2337,"date":"2019-07-15T17:39:20","date_gmt":"2019-07-15T15:39:20","guid":{"rendered":"https:\/\/www.podologie-raeke.at\/shop\/?post_type=product&#038;p=2337"},"modified":"2024-05-08T11:13:30","modified_gmt":"2024-05-08T09:13:30","slug":"vivobarefoot-kanna-mesh-olive","status":"publish","type":"product","link":"https:\/\/www.podologie-raeke.at\/shop\/produkt\/vivobarefoot-kanna-mesh-olive\/","title":{"rendered":"Vivobarefoot KANNA Mesh Olive &#8211; LADIES"},"content":{"rendered":"<p>Der KANNA ist ein neuer, purer, 100% veganer Bewegungsschuh von Vivobarefoot. Das atmungsaktive, Obermaterial aus dehnbaren Mesh, gibt den Schuh ein trage Gef\u00fchl wie eine Socke. Zugleich bietet die patentierte 3mm PRO5 On Road Sohle besten Schutz gegen spitzten Gegenst\u00e4nden oder Glasscherben.<\/p>\n<p>Mit einem Gewicht von nur 140g (Gr\u00f6\u00dfe 39) ist der Schuh perfekt f\u00fcr freiheitsliebende F\u00fc\u00dfe und kann nicht nur beim Einkaufsbummel oder Gastgartenbesuch genutzt werden sondern auch beim Yoga oder Tanzen.<\/p>","protected":false},"excerpt":{"rendered":"<p>Der Vivobarefoot KANNA tr\u00e4gt sich wie eine Socke und sch\u00fctzt deine F\u00fc\u00dfe trotzdem vor spitzen Gegenst\u00e4nden.<\/p>\n<p>perfekt f\u00fcr freiheitsliebende F\u00fc\u00dfe und kann nicht nur beim Einkaufsbummel oder Gastgartenbesuch genutzt werden sondern auch beim Yoga oder Tanzen.<\/p>\n","protected":false},"featured_media":2256,"comment_status":"open","ping_status":"closed","template":"","meta":[],"product_cat":[350,324,337],"product_tag":[451,340],"_links":{"self":[{"href":"https:\/\/www.podologie-raeke.at\/shop\/wp-json\/wp\/v2\/product\/2337"}],"collection":[{"href":"https:\/\/www.podologie-raeke.at\/shop\/wp-json\/wp\/v2\/product"}],"about":[{"href":"https:\/\/www.podologie-raeke.at\/shop\/wp-json\/wp\/v2\/types\/product"}],"replies":[{"embeddable":true,"href":"https:\/\/www.podologie-raeke.at\/shop\/wp-json\/wp\/v2\/comments?post=2337"}],"wp:featuredmedia":[{"embeddable":true,"href":"https:\/\/www.podologie-raeke.at\/shop\/wp-json\/wp\/v2\/media\/2256"}],"wp:attachment":[{"href":"https:\/\/www.podologie-raeke.at\/shop\/wp-json\/wp\/v2\/media?parent=2337"}],"wp:term":[{"taxonomy":"product_cat","embeddable":true,"href":"https:\/\/www.podologie-raeke.at\/shop\/wp-json\/wp\/v2\/product_cat?post=2337"},{"taxonomy":"product_tag","embeddable":true,"href":"https:\/\/www.podologie-raeke.at\/shop\/wp-json\/wp\/v2\/product_tag?post=2337"}],"curies":[{"name":"wp","href":"https:\/\/api.w.org\/{rel}","templated":true}]}}